e?
True
Let t = -45 - -42. Let y(i) = i**2 + 2*i + 1. Let v be y(t). Suppose -2*j + q = -3264, -v*q - 8437 = -4*j - 1913. Is j a prime number?
False
Suppose b + 1 + 0 = 0, 5*b = 3*t - 23. Suppose t*y - 2817 = -1149. Is y a prime number?
False
Suppose -148*c = -138*c - 3275530. Is c a composite number?
False
Suppose 0 = -3*s - 2*s + 1174122 + 1563073. Is s a composite number?
True
Let h(p) = -90*p - 591. Is h(-80) a composite number?
True
Let j(w) = 9*w**3 + 89*w**2 + 146*w + 59. Let y(h) = 5*h**3 + 45*h**2 + 73*h + 29. Let a(l) = -6*j(l) + 11*y(l). Is a(42) a prime number?
False
Let z = -17 - -7. Is (4 - 2)*(-5665)/z a prime number?
False
Suppose -135 - 85 = -2*x. Suppose -105 = 5*q - x. Is 3 + -3 + (58 + q - 0) composite?
False
Let n = 28 + -28. Suppose 0 = -2*z + 5*w + 1617, 4*z - 8*w + 3*w - 3249 = n. Suppose -z = -u - 237. Is u prime?
False
Suppose -3*n - 44*n + 4280713 = 0. Is n a composite number?
False
Let x = -6 - -17. Suppose -8*p + 3 - x = 0. Is p/(3*5/(-12795)) composite?
False
Suppose -5*q - z + 82129 = 19827, z = 2*q - 24911. Is q a prime number?
False
Let y = -13 - -16. Suppose -g = 5*v - 243, 534 = 2*g + y*v - 5*v. Suppose 2*n = 3*o + 983 + g, -649 = -n - 5*o. Is n a composite number?
True
Let l(n) = 455*n + 10299. Is l(-8) a composite number?
False
Let i = 43 + -18. Let q be -2630*((-95)/i - -3). Suppose -17*y = -9*y - q. Is y a prime number?
True
Let c(k) = 12573*k - 3496. Is c(15) composite?
False
Let w(c) = -28*c**3 - 7*c**2 + 2*c + 84. Let p be w(-6). Suppose 0 = -5*n - 4*o + 19787, o + p = -3*n + 17743. Is n a composite number?
True
Suppose 12 = 3*d, 3*t + 8*d - 38 = 12*d. Suppose -13*h + t*h - 62215 = 0. Is h composite?
True
Suppose -5*h = b + 38, -2*b + h + 54 = 185. Let o(r) = -143*r - 315. Let x be o(-12). Is ((-21)/b)/(1/x) a composite number?
False
Let m = 122 - 122. Suppose 3*x = -4*t + 1 + 2, t - 2*x + 2 = m. Suppose -u = -4*a - 723, -u - u + 5*a + 1458 = t. Is u prime?
True
Let w(j) be the first derivative of j**2/2 - 17*j - 14. Let u be w(7). Is (-5)/(u/6) - -554 composite?
False
Suppose 45*a - 144510 - 32925 = 0. Is a a prime number?
True
Suppose -11*j - 32640 = -14*j. Suppose 0 = -r + 5, -j = -5*d - 3*r + 6*r. Is d a composite number?
False
Let t = -45 - -47. Let j(u) = 60 - 23 + 5*u**2 - 15 + u - 3*u**t. Is j(0) a composite number?
True
Let a(r) = -20*r**2 - 8*r - 6. Let g be a(8). Suppose -4*d + 4*c = 13620, -3*d - 4647 = 4*c + 5540. Let k = g - d. Is k prime?
False
Suppose -5*z = 8*u - 7*u + 815075, 5*z + 815075 = 4*u. Is ((0 - -3) + -7)*z/20 composite?
False
Let d(i) = 803*i**2 - 56*i - 663. Is d(38) a prime number?
True
Let g(b) be the third derivative of -b**6/120 + 3*b**5/5 - b**4/3 + 11*b**3/6 + 12*b**2 - 12. Is g(16) a prime number?
True
Suppose -3177 + 9231 = 2*f. Is f prime?
False
Let t = -1075 + 642. Let a = 1890 - t. Is a composite?
True
Let q = 64205 - 31888. Is q a composite number?
True
Suppose -72522 = -8*o - o. Suppose 17051 = 7*m - o. Is m composite?
True
Let l be (-2)/(-11) - 334459/(-341). Is ((-5)/(-2))/(3/(l + -3)) composite?
True
Let w = 88 + -83. Suppose -9*s + 76 = -w*s. Is s a composite number?
False
Suppose -5*u = u - 2*u. Suppose -13 = -2*o - j - 3, 3*j = u. Suppose -o*p = 690 - 21575. Is p a prime number?
True
Let l(i) = 81574*i**2 - 27*i - 28. Is l(-1) a prime number?
False
Let v be -2 + (-2250)/((8/5)/(-4)). Suppose -9213 - v = -4*l + 4*r, -4*l - 3*r + 14822 = 0. Is l a composite number?
True
Let f be (-3)/(-1) - (-7 - -11) - -6. Suppose -5*t + 2085 = 5*n - 4010, 3*n + f*t = 3661. Is n a composite number?
False
Let k = -41794 - -86423. Is k composite?
True
Let a(m) = -2*m + 84. Let b be a(37). Suppose b*s - 27354 = 4*s. Is s a composite number?
True
Suppose -s + 17387 = 5*g - 206872, -3*g + 897104 = 4*s. Is s prime?
False
Let m(l) = -7*l + 56. Let x be m(9). Let a(o) = -5*o**3 - 9*o**2 - 13*o - 4. Is a(x) a prime number?
True
Suppose 0*d + 2*d = -4*b + 458, 2*d = 5*b + 503. Let u(n) = 87*n**2 - 4*n + 3. Let x be u(-3). Let r = x - d. Is r a prime number?
False
Let u(c) = 4*c - 73. Let s be u(17). Is s/35 - (25846/(-14) + -1) composite?
False
Suppose -11 = s + 5*d - 1, 0 = -5*s + 5*d + 10. Let y(q) = q + 4443. Is y(s) a prime number?
False
Is (66/90)/11 - 18970/(-75) prime?
False
Let r(g) = -80*g + 494. Let z be r(6). Suppose -5 = -b, -9*w - 155895 = -z*w - 2*b. Is w a prime number?
True
Let m = 998349 - 531026. Is m a prime number?
False
Suppose 23 = 6*o - 25. Let i be o/(-48) + 14/12 + -1. Suppose i = 5*s + 8 - 3, -816 = -2*g - 2*s. Is g a prime number?
True
Let n = -207 + 376. Suppose -137 = -9*p + n. Is p composite?
True
Let n(x) = -3596*x - 2109. Is n(-46) a prime number?
True
Let q(g) be the third derivative of 67*g**4/4 - g**3/6 - 4*g**2. Let o be q(4). Let f = -712 + o. Is f a composite number?
True
Suppose 0 = 18*y - 23*y. Suppose 2*p + 3*d - 2936 = y, -3*d + 237 = -3*p + 4656. Is p composite?
False
Let n(a) = -3 + 8 + 158*a + 7 + 16. Is n(3) a composite number?
True
Let j = -103 - -103. Suppose j = 15*q + 3819 - 17094. Suppose q - 3341 = -8*z. Is z a prime number?
True
Let p = 330 + -75. Let r = p - 184. Is r a prime number?
True
Suppose -47 - 73 = -4*b + 2*h, 3*b - 77 = -5*h. Suppose -30*k + 4*d = -b*k - 9075, 0 = -4*k - d + 36334. Is k a composite number?
True
Let p be -3 + ((-6)/1)/(-2). Suppose p = -d + 12 - 3. Suppose -d*x - 1402 = -11*x. Is x composite?
False
Let j(i) = -458*i - 347. Suppose -3*r - 31*r - 1802 = 0. Is j(r) prime?
False
Let f = 102 + -25. Let c = -80 + f. Is (-5539)/(-7) - c/(84/(-8)) prime?
False
Suppose -n + 14042 = 4*f, -f + 0*f = -n - 3508. Suppose -5*w = -5*k - 30610, 5*k - f - 8713 = -2*w. Is w a composite number?
True
Suppose -5*l + 2*n = 16226, -3*l + n - 3812 - 5923 = 0. Let m = 5151 + l. Is m a prime number?
True
Let i(y) = y**3 + 10*y**2 - 24*y + 27. Suppose -t - 52 = 6*c - 2*c, 3*t - 48 = 5*c. Let w be i(c). Is (1 - (-4158)/4)*(29 - w) prime?
True
Let d(i) = -2*i**3 + 7*i**2 + 5*i. Let k be d(4). Let x be (k - 1) + 2 + 0 + -9. Is 654/x*(-12)/18 a prime number?
True
Let t(z) = 1609*z**2 - 46*z - 3. Let m be t(3). Suppose 20 = -5*g, m = y + g + 1943. Is y composite?
False
Let s = 87 - 82. Suppose 2290 = -s*b + 6220. Is (-4*b)/(-2) - (-2)/1 composite?
True
Let r(q) = q**3 + 4*q**2 + 2*q + 12. Let x = 7 + -11. Let i be r(x). Suppose -5*m = 5*o - 1380, 4*o - m - i*m - 1086 = 0. Is o prime?
False
Let j = 12564 + -10147. Is j prime?
True
Is (-63636)/72*6*-11 a prime number?
False
Let o(x) = 11*x - 42. Let g be o(7). Let c = g - 31. Suppose 0 = 5*u - 10, -2*u = c*a - 3*u - 7010. Is a prime?
True
Let l(z) be the second derivative of -z**5/20 + 9*z**4/4 - 17*z**3/6 + 7*z**2/2 + 22*z. Let a be l(22). Suppose -2*r = -r - a. Is r composite?
False
Suppose -3 = 4*l + 5. Let v = 7 + l. Suppose v*t - 3*t = 374. Is t prime?
False
Suppose m - 477596 = 3*w, 1014*m + 2*w + 2387967 = 1019*m. Is m prime?
True
Suppose 0 = -9*p + 37 + 8. Suppose p*w - 2845 = 5*a, -1 = -2*a - 9. Is w a prime number?
False
Let i be (3 - 87/(-6))*(-460)/5. Let d = i - -3531. Is d prime?
False
Let z = 189509 + -134382. Is z a composite number?
False
Suppose p - 44 - 16 = 2*b, -5*p = -10. Let h(u) = -u**2 - 29*u + 7. Let y be h(b). Is 0 - -2 - y*46/(-2) composite?
False
Suppose 0 = -3*y + 943 + 1328. Suppose 6*l - 2*l - 20 = 0. Suppose l*o - 2688 = y. Is o a prime number?
False
Let m(u) = 131999*u + 1769. Is m(2) a prime number?
False
Let a be ((-2)/6 + (-91)/42)*-4622. Let m = a - 7252. Is m a prime number?
False
Is (-26430)/9*(4/(-8) + -1) composite?
True
Suppose 0 = 2*m + 2*t - 98574, -8*t + 3*t + 98562 = 2*m. Is m composite?
True
Suppose -3*t + 9 = -0*t + 4*h, -4*t = -5*h - 12. Suppose -t*y = -7*y. Let d(w) = w + 179. Is d(y) a composite number?
False
Let o = 253853 + -121836. Is o composite?
True
Let u = -1006 + 997. Is (u - -7)/2*-11411 a composite number?
False
Suppose -3*r - 68 = -5*i, r - 2*r + 52 = 3*i. Suppose -6*l + i = 2*l. Suppose -522 - 740 = -l*s. Is s a composite number?
False
Suppose -10*n + 490 = 4*n. Suppose 32*h + 795 = n*h. Is h a prime number?
False
Let i be 13/(-39) + 1/3. Let c be ((0 - i)/(-4))/(1 + 1). Suppose c = 3*x + 2 - 215. Is x a prime number?
True
Let g(y) = 59322*y**3 + 3*y**2 - 5*y + 3. Is g(1) a prime number?
False
Let f(c) = 3294*c**2. Let q